{"id":2945,"date":"2025-11-03T09:16:25","date_gmt":"2025-11-03T14:16:25","guid":{"rendered":"https:\/\/pasteleriasanantonio.com\/carta-digital\/?post_type=product&#038;p=2945"},"modified":"2025-11-03T09:16:25","modified_gmt":"2025-11-03T14:16:25","slug":"aji-san-antonio","status":"publish","type":"product","link":"https:\/\/pasteleriasanantonio.com\/carta-digital\/producto\/aji-san-antonio\/","title":{"rendered":"Aj\u00ed San Antonio"},"content":{"rendered":"","protected":false},"excerpt":{"rendered":"<p>Salsa a base de rocoto y aj\u00ed amarillo (rocoto, aj\u00ed amarillo, mayonesa, mostaza y or\u00e9gano).<\/p>\n","protected":false},"featured_media":2899,"template":"","meta":{"_monsterinsights_skip_tracking":false,"_monsterinsights_sitenote_active":false,"_monsterinsights_sitenote_note":"","_monsterinsights_sitenote_category":0},"product_cat":[184],"product_tag":[],"class_list":["post-2945","product","type-product","status-publish","has-post-thumbnail","hentry","product_cat-adicionales"],"_links":{"self":[{"href":"https:\/\/pasteleriasanantonio.com\/carta-digital\/wp-json\/wp\/v2\/product\/2945"}],"collection":[{"href":"https:\/\/pasteleriasanantonio.com\/carta-digital\/wp-json\/wp\/v2\/product"}],"about":[{"href":"https:\/\/pasteleriasanantonio.com\/carta-digital\/wp-json\/wp\/v2\/types\/product"}],"wp:featuredmedia":[{"embeddable":true,"href":"https:\/\/pasteleriasanantonio.com\/carta-digital\/wp-json\/wp\/v2\/media\/2899"}],"wp:attachment":[{"href":"https:\/\/pasteleriasanantonio.com\/carta-digital\/wp-json\/wp\/v2\/media?parent=2945"}],"wp:term":[{"taxonomy":"product_cat","embeddable":true,"href":"https:\/\/pasteleriasanantonio.com\/carta-digital\/wp-json\/wp\/v2\/product_cat?post=2945"},{"taxonomy":"product_tag","embeddable":true,"href":"https:\/\/pasteleriasanantonio.com\/carta-digital\/wp-json\/wp\/v2\/product_tag?post=2945"}],"curies":[{"name":"wp","href":"https:\/\/api.w.org\/{rel}","templated":true}]}}