{"id":398,"date":"2023-04-02T20:11:38","date_gmt":"2023-04-02T20:11:38","guid":{"rendered":"https:\/\/webpsa.online\/carta-digital\/index.php\/producto\/pastel-de-choclo-con-queso-porcion\/"},"modified":"2024-03-27T15:36:34","modified_gmt":"2024-03-27T20:36:34","slug":"pastel-de-choclo-con-queso-porcion","status":"publish","type":"product","link":"https:\/\/pasteleriasanantonio.com\/carta-digital\/producto\/pastel-de-choclo-con-queso-porcion\/","title":{"rendered":"Pastel de Choclo con Queso (Porci\u00f3n)"},"content":{"rendered":"","protected":false},"excerpt":{"rendered":"<p>Pastel de choclo con aj\u00ed amarillo, queso fresco y leche. (Porci\u00f3n)<\/p>\n","protected":false},"featured_media":399,"template":"","meta":{"_monsterinsights_skip_tracking":false,"_monsterinsights_sitenote_active":false,"_monsterinsights_sitenote_note":"","_monsterinsights_sitenote_category":0},"product_cat":[31,44],"product_tag":[],"class_list":["post-398","product","type-product","status-publish","has-post-thumbnail","hentry","product_cat-empanadas-y-pasteles-salados","product_cat-pasteles-salados"],"_links":{"self":[{"href":"https:\/\/pasteleriasanantonio.com\/carta-digital\/wp-json\/wp\/v2\/product\/398"}],"collection":[{"href":"https:\/\/pasteleriasanantonio.com\/carta-digital\/wp-json\/wp\/v2\/product"}],"about":[{"href":"https:\/\/pasteleriasanantonio.com\/carta-digital\/wp-json\/wp\/v2\/types\/product"}],"wp:featuredmedia":[{"embeddable":true,"href":"https:\/\/pasteleriasanantonio.com\/carta-digital\/wp-json\/wp\/v2\/media\/399"}],"wp:attachment":[{"href":"https:\/\/pasteleriasanantonio.com\/carta-digital\/wp-json\/wp\/v2\/media?parent=398"}],"wp:term":[{"taxonomy":"product_cat","embeddable":true,"href":"https:\/\/pasteleriasanantonio.com\/carta-digital\/wp-json\/wp\/v2\/product_cat?post=398"},{"taxonomy":"product_tag","embeddable":true,"href":"https:\/\/pasteleriasanantonio.com\/carta-digital\/wp-json\/wp\/v2\/product_tag?post=398"}],"curies":[{"name":"wp","href":"https:\/\/api.w.org\/{rel}","templated":true}]}}