{"id":437,"date":"2023-04-02T20:11:51","date_gmt":"2023-04-02T20:11:51","guid":{"rendered":"https:\/\/webpsa.online\/carta-digital\/index.php\/producto\/tamal-de-cerdo\/"},"modified":"2025-07-02T23:38:25","modified_gmt":"2025-07-03T04:38:25","slug":"tamal-de-cerdo","status":"publish","type":"product","link":"https:\/\/pasteleriasanantonio.com\/carta-digital\/producto\/tamal-de-cerdo\/","title":{"rendered":"Tamal de Cerdo"},"content":{"rendered":"","protected":false},"excerpt":{"rendered":"<p>Con pasta de ma\u00edz, ajonjol\u00ed, man\u00ed, aceite de achiote, aceituna botija y aj\u00ed mirasol.<\/p>\n","protected":false},"featured_media":438,"template":"","meta":{"_monsterinsights_skip_tracking":false,"_monsterinsights_sitenote_active":false,"_monsterinsights_sitenote_note":"","_monsterinsights_sitenote_category":0},"product_cat":[27,48],"product_tag":[],"class_list":["post-437","product","type-product","status-publish","has-post-thumbnail","hentry","product_cat-desayunos","product_cat-tamales-y-humitas"],"_links":{"self":[{"href":"https:\/\/pasteleriasanantonio.com\/carta-digital\/wp-json\/wp\/v2\/product\/437"}],"collection":[{"href":"https:\/\/pasteleriasanantonio.com\/carta-digital\/wp-json\/wp\/v2\/product"}],"about":[{"href":"https:\/\/pasteleriasanantonio.com\/carta-digital\/wp-json\/wp\/v2\/types\/product"}],"wp:featuredmedia":[{"embeddable":true,"href":"https:\/\/pasteleriasanantonio.com\/carta-digital\/wp-json\/wp\/v2\/media\/438"}],"wp:attachment":[{"href":"https:\/\/pasteleriasanantonio.com\/carta-digital\/wp-json\/wp\/v2\/media?parent=437"}],"wp:term":[{"taxonomy":"product_cat","embeddable":true,"href":"https:\/\/pasteleriasanantonio.com\/carta-digital\/wp-json\/wp\/v2\/product_cat?post=437"},{"taxonomy":"product_tag","embeddable":true,"href":"https:\/\/pasteleriasanantonio.com\/carta-digital\/wp-json\/wp\/v2\/product_tag?post=437"}],"curies":[{"name":"wp","href":"https:\/\/api.w.org\/{rel}","templated":true}]}}

<p>Con pasta de maíz, ajonjolí, maní, aceite de achiote, aceituna botija y ají mirasol.</p>
