{"id":6178,"date":"2023-03-24T08:24:11","date_gmt":"2023-03-24T13:24:11","guid":{"rendered":"https:\/\/webpsa.online\/programados\/producto\/tres-jamones-ciabatta-blanco\/"},"modified":"2025-10-30T22:55:54","modified_gmt":"2025-10-31T03:55:54","slug":"tres-jamones-ciabatta-blanco","status":"publish","type":"product","link":"https:\/\/pasteleriasanantonio.com\/programados\/?product=tres-jamones-ciabatta-blanco","title":{"rendered":"Tres Jamones (Pan Cristal)"},"content":{"rendered":"","protected":false},"excerpt":{"rendered":"<p>Jam\u00f3n ingl\u00e9s, jam\u00f3n serrano, lomito ahumado, queso edam, tomate, lechuga crespa y mayonesanRefrigerado<\/p>\n","protected":false},"featured_media":92190,"template":"","meta":{"om_disable_all_campaigns":false,"_monsterinsights_skip_tracking":false,"_monsterinsights_sitenote_active":false,"_monsterinsights_sitenote_note":"","_monsterinsights_sitenote_category":0,"_uf_show_specific_survey":0,"_uf_disable_surveys":false},"product_cat":[354,365],"product_tag":[],"class_list":{"0":"post-6178","1":"product","2":"type-product","3":"status-publish","4":"has-post-thumbnail","6":"product_cat-sandwiches","7":"product_cat-entrepanes","9":"first","10":"instock","11":"purchasable","12":"product-type-variable"},"acf":[],"_links":{"self":[{"href":"https:\/\/pasteleriasanantonio.com\/programados\/index.php?rest_route=\/wp\/v2\/product\/6178"}],"collection":[{"href":"https:\/\/pasteleriasanantonio.com\/programados\/index.php?rest_route=\/wp\/v2\/product"}],"about":[{"href":"https:\/\/pasteleriasanantonio.com\/programados\/index.php?rest_route=\/wp\/v2\/types\/product"}],"wp:featuredmedia":[{"embeddable":true,"href":"https:\/\/pasteleriasanantonio.com\/programados\/index.php?rest_route=\/wp\/v2\/media\/92190"}],"wp:attachment":[{"href":"https:\/\/pasteleriasanantonio.com\/programados\/index.php?rest_route=%2Fwp%2Fv2%2Fmedia&parent=6178"}],"wp:term":[{"taxonomy":"product_cat","embeddable":true,"href":"https:\/\/pasteleriasanantonio.com\/programados\/index.php?rest_route=%2Fwp%2Fv2%2Fproduct_cat&post=6178"},{"taxonomy":"product_tag","embeddable":true,"href":"https:\/\/pasteleriasanantonio.com\/programados\/index.php?rest_route=%2Fwp%2Fv2%2Fproduct_tag&post=6178"}],"curies":[{"name":"wp","href":"https:\/\/api.w.org\/{rel}","templated":true}]}}