{"id":8752,"date":"2023-11-22T15:44:59","date_gmt":"2023-11-22T20:44:59","guid":{"rendered":"https:\/\/pasteleriasanantonio.com\/programados\/?post_type=product&#038;p=8752"},"modified":"2025-09-22T23:43:53","modified_gmt":"2025-09-23T04:43:53","slug":"panqueques-con-frutas-2","status":"publish","type":"product","link":"https:\/\/pasteleriasanantonio.com\/programados\/?product=panqueques-con-frutas-2","title":{"rendered":"Panqueques con Frutas"},"content":{"rendered":"","protected":false},"excerpt":{"rendered":"<p>2 panqueques, frutas (fresas, ar\u00e1ndanos y pl\u00e1tanos) y topping a elecci\u00f3n (maple y mantequilla, fudge o manjar).<\/p>\n","protected":false},"featured_media":95546,"template":"","meta":{"om_disable_all_campaigns":false,"_monsterinsights_skip_tracking":false,"_monsterinsights_sitenote_active":false,"_monsterinsights_sitenote_note":"","_monsterinsights_sitenote_category":0,"_uf_show_specific_survey":0,"_uf_disable_surveys":false},"product_cat":[356,367],"product_tag":[],"class_list":{"0":"post-8752","1":"product","2":"type-product","3":"status-publish","4":"has-post-thumbnail","6":"product_cat-desayunos","7":"product_cat-waffles","9":"first","10":"instock","11":"shipping-taxable","12":"purchasable","13":"product-type-variable"},"acf":[],"_links":{"self":[{"href":"https:\/\/pasteleriasanantonio.com\/programados\/index.php?rest_route=\/wp\/v2\/product\/8752"}],"collection":[{"href":"https:\/\/pasteleriasanantonio.com\/programados\/index.php?rest_route=\/wp\/v2\/product"}],"about":[{"href":"https:\/\/pasteleriasanantonio.com\/programados\/index.php?rest_route=\/wp\/v2\/types\/product"}],"wp:featuredmedia":[{"embeddable":true,"href":"https:\/\/pasteleriasanantonio.com\/programados\/index.php?rest_route=\/wp\/v2\/media\/95546"}],"wp:attachment":[{"href":"https:\/\/pasteleriasanantonio.com\/programados\/index.php?rest_route=%2Fwp%2Fv2%2Fmedia&parent=8752"}],"wp:term":[{"taxonomy":"product_cat","embeddable":true,"href":"https:\/\/pasteleriasanantonio.com\/programados\/index.php?rest_route=%2Fwp%2Fv2%2Fproduct_cat&post=8752"},{"taxonomy":"product_tag","embeddable":true,"href":"https:\/\/pasteleriasanantonio.com\/programados\/index.php?rest_route=%2Fwp%2Fv2%2Fproduct_tag&post=8752"}],"curies":[{"name":"wp","href":"https:\/\/api.w.org\/{rel}","templated":true}]}}