{"id":5211,"date":"2023-03-23T12:45:42","date_gmt":"2023-03-23T17:45:42","guid":{"rendered":"https:\/\/webpsa.online\/recibir-hoy\/ensalada-capi-grande\/"},"modified":"2024-01-30T12:47:55","modified_gmt":"2024-01-30T17:47:55","slug":"ensalada-capi-grande","status":"publish","type":"product","link":"https:\/\/pasteleriasanantonio.com\/recibir-hoy\/producto\/ensalada-capi-grande\/","title":{"rendered":"Ensalada Capi"},"content":{"rendered":"","protected":false},"excerpt":{"rendered":"<p>Salm\u00f3n ahumado, palta, lechugas crespa y romana, espinaca, palmitos, zanahoria y pimiento morr\u00f3n. Ali\u00f1o sugerido: Naranja Cremosa<\/p>\n<p>Refrigerado<\/p>\n","protected":false},"featured_media":10796,"template":"","meta":{"om_disable_all_campaigns":false,"_monsterinsights_skip_tracking":false,"_monsterinsights_sitenote_active":false,"_monsterinsights_sitenote_note":"","_monsterinsights_sitenote_category":0,"_uf_show_specific_survey":0,"_uf_disable_surveys":false},"product_cat":[285,286],"product_tag":[],"class_list":["post-5211","product","type-product","status-publish","has-post-thumbnail","hentry","product_cat-ensaladas-y-bowls","product_cat-ensaladas"],"acf":[],"_links":{"self":[{"href":"https:\/\/pasteleriasanantonio.com\/recibir-hoy\/wp-json\/wp\/v2\/product\/5211"}],"collection":[{"href":"https:\/\/pasteleriasanantonio.com\/recibir-hoy\/wp-json\/wp\/v2\/product"}],"about":[{"href":"https:\/\/pasteleriasanantonio.com\/recibir-hoy\/wp-json\/wp\/v2\/types\/product"}],"wp:featuredmedia":[{"embeddable":true,"href":"https:\/\/pasteleriasanantonio.com\/recibir-hoy\/wp-json\/wp\/v2\/media\/10796"}],"wp:attachment":[{"href":"https:\/\/pasteleriasanantonio.com\/recibir-hoy\/wp-json\/wp\/v2\/media?parent=5211"}],"wp:term":[{"taxonomy":"product_cat","embeddable":true,"href":"https:\/\/pasteleriasanantonio.com\/recibir-hoy\/wp-json\/wp\/v2\/product_cat?post=5211"},{"taxonomy":"product_tag","embeddable":true,"href":"https:\/\/pasteleriasanantonio.com\/recibir-hoy\/wp-json\/wp\/v2\/product_tag?post=5211"}],"curies":[{"name":"wp","href":"https:\/\/api.w.org\/{rel}","templated":true}]}}