{"id":5249,"date":"2023-03-23T12:45:45","date_gmt":"2023-03-23T17:45:45","guid":{"rendered":"https:\/\/webpsa.online\/recibir-hoy\/tres-jamones-ciabatta-blanco\/"},"modified":"2025-10-30T22:48:23","modified_gmt":"2025-10-31T03:48:23","slug":"tres-jamones-ciabatta-blanco","status":"publish","type":"product","link":"https:\/\/pasteleriasanantonio.com\/recibir-hoy\/producto\/tres-jamones-ciabatta-blanco\/","title":{"rendered":"Tres Jamones (Pan Cristal)"},"content":{"rendered":"","protected":false},"excerpt":{"rendered":"<p>Jam\u00f3n ingl\u00e9s, jam\u00f3n serrano, lomito ahumado, queso edam, tomate, lechuga crespa y mayonesanRefrigerado<\/p>\n","protected":false},"featured_media":17913,"template":"","meta":{"om_disable_all_campaigns":false,"_monsterinsights_skip_tracking":false,"_monsterinsights_sitenote_active":false,"_monsterinsights_sitenote_note":"","_monsterinsights_sitenote_category":0,"_uf_show_specific_survey":0,"_uf_disable_surveys":false},"product_cat":[277,288],"product_tag":[],"class_list":["post-5249","product","type-product","status-publish","has-post-thumbnail","hentry","product_cat-sandwiches","product_cat-entrepanes"],"acf":[],"_links":{"self":[{"href":"https:\/\/pasteleriasanantonio.com\/recibir-hoy\/wp-json\/wp\/v2\/product\/5249"}],"collection":[{"href":"https:\/\/pasteleriasanantonio.com\/recibir-hoy\/wp-json\/wp\/v2\/product"}],"about":[{"href":"https:\/\/pasteleriasanantonio.com\/recibir-hoy\/wp-json\/wp\/v2\/types\/product"}],"wp:featuredmedia":[{"embeddable":true,"href":"https:\/\/pasteleriasanantonio.com\/recibir-hoy\/wp-json\/wp\/v2\/media\/17913"}],"wp:attachment":[{"href":"https:\/\/pasteleriasanantonio.com\/recibir-hoy\/wp-json\/wp\/v2\/media?parent=5249"}],"wp:term":[{"taxonomy":"product_cat","embeddable":true,"href":"https:\/\/pasteleriasanantonio.com\/recibir-hoy\/wp-json\/wp\/v2\/product_cat?post=5249"},{"taxonomy":"product_tag","embeddable":true,"href":"https:\/\/pasteleriasanantonio.com\/recibir-hoy\/wp-json\/wp\/v2\/product_tag?post=5249"}],"curies":[{"name":"wp","href":"https:\/\/api.w.org\/{rel}","templated":true}]}}