{"id":5255,"date":"2023-03-23T12:45:49","date_gmt":"2023-03-23T17:45:49","guid":{"rendered":"https:\/\/webpsa.online\/recibir-hoy\/ciabatta-de-salmon-con-palta-ciabatta-integral\/"},"modified":"2024-03-08T00:43:18","modified_gmt":"2024-03-08T05:43:18","slug":"ciabatta-de-salmon-con-palta-ciabatta-integral","status":"publish","type":"product","link":"https:\/\/pasteleriasanantonio.com\/recibir-hoy\/producto\/ciabatta-de-salmon-con-palta-ciabatta-integral\/","title":{"rendered":"Ciabatta de Salm\u00f3n con Palta (Ciabatta Integral)"},"content":{"rendered":"","protected":false},"excerpt":{"rendered":"<p>Salm\u00f3n ahumado, palta, queso crema, cebolla blanca, alcaparras, lechuga crespa, lim\u00f3n y aceite de oliva.<br \/>\nRefrigerado<\/p>\n","protected":false},"featured_media":4334,"template":"","meta":{"om_disable_all_campaigns":false,"_monsterinsights_skip_tracking":false,"_monsterinsights_sitenote_active":false,"_monsterinsights_sitenote_note":"","_monsterinsights_sitenote_category":0,"_uf_show_specific_survey":0,"_uf_disable_surveys":false},"product_cat":[277,288],"product_tag":[],"class_list":["post-5255","product","type-product","status-publish","has-post-thumbnail","hentry","product_cat-sandwiches","product_cat-entrepanes"],"acf":[],"_links":{"self":[{"href":"https:\/\/pasteleriasanantonio.com\/recibir-hoy\/wp-json\/wp\/v2\/product\/5255"}],"collection":[{"href":"https:\/\/pasteleriasanantonio.com\/recibir-hoy\/wp-json\/wp\/v2\/product"}],"about":[{"href":"https:\/\/pasteleriasanantonio.com\/recibir-hoy\/wp-json\/wp\/v2\/types\/product"}],"wp:featuredmedia":[{"embeddable":true,"href":"https:\/\/pasteleriasanantonio.com\/recibir-hoy\/wp-json\/wp\/v2\/media\/4334"}],"wp:attachment":[{"href":"https:\/\/pasteleriasanantonio.com\/recibir-hoy\/wp-json\/wp\/v2\/media?parent=5255"}],"wp:term":[{"taxonomy":"product_cat","embeddable":true,"href":"https:\/\/pasteleriasanantonio.com\/recibir-hoy\/wp-json\/wp\/v2\/product_cat?post=5255"},{"taxonomy":"product_tag","embeddable":true,"href":"https:\/\/pasteleriasanantonio.com\/recibir-hoy\/wp-json\/wp\/v2\/product_tag?post=5255"}],"curies":[{"name":"wp","href":"https:\/\/api.w.org\/{rel}","templated":true}]}}