{"id":5414,"date":"2023-03-23T12:46:15","date_gmt":"2023-03-23T17:46:15","guid":{"rendered":"https:\/\/webpsa.online\/recibir-hoy\/mazapan-surtido-caja-grande\/"},"modified":"2024-03-23T21:29:44","modified_gmt":"2024-03-24T02:29:44","slug":"mazapan-surtido-caja-grande","status":"publish","type":"product","link":"https:\/\/pasteleriasanantonio.com\/recibir-hoy\/producto\/mazapan-surtido-caja-grande\/","title":{"rendered":"Mazap\u00e1n Surtido (Caja Grande)"},"content":{"rendered":"","protected":false},"excerpt":{"rendered":"<p>Mazap\u00e1n cl\u00e1sico de formas surtidas (Caja 210g)<\/p>\n<p>Temperatura Ambiente<\/p>\n","protected":false},"featured_media":4604,"template":"","meta":{"om_disable_all_campaigns":false,"_monsterinsights_skip_tracking":false,"_monsterinsights_sitenote_active":false,"_monsterinsights_sitenote_note":"","_monsterinsights_sitenote_category":0,"_uf_show_specific_survey":0,"_uf_disable_surveys":false},"product_cat":[310],"product_tag":[],"class_list":["post-5414","product","type-product","status-publish","has-post-thumbnail","hentry","product_cat-chocolates-mazapanes-y-galletas"],"acf":[],"_links":{"self":[{"href":"https:\/\/pasteleriasanantonio.com\/recibir-hoy\/wp-json\/wp\/v2\/product\/5414"}],"collection":[{"href":"https:\/\/pasteleriasanantonio.com\/recibir-hoy\/wp-json\/wp\/v2\/product"}],"about":[{"href":"https:\/\/pasteleriasanantonio.com\/recibir-hoy\/wp-json\/wp\/v2\/types\/product"}],"wp:featuredmedia":[{"embeddable":true,"href":"https:\/\/pasteleriasanantonio.com\/recibir-hoy\/wp-json\/wp\/v2\/media\/4604"}],"wp:attachment":[{"href":"https:\/\/pasteleriasanantonio.com\/recibir-hoy\/wp-json\/wp\/v2\/media?parent=5414"}],"wp:term":[{"taxonomy":"product_cat","embeddable":true,"href":"https:\/\/pasteleriasanantonio.com\/recibir-hoy\/wp-json\/wp\/v2\/product_cat?post=5414"},{"taxonomy":"product_tag","embeddable":true,"href":"https:\/\/pasteleriasanantonio.com\/recibir-hoy\/wp-json\/wp\/v2\/product_tag?post=5414"}],"curies":[{"name":"wp","href":"https:\/\/api.w.org\/{rel}","templated":true}]}}